{"id":1185,"date":"2022-02-15T09:43:31","date_gmt":"2022-02-15T08:43:31","guid":{"rendered":"https:\/\/rib-ev.de\/?page_id=1185"},"modified":"2022-03-09T10:39:41","modified_gmt":"2022-03-09T09:39:41","slug":"waldkircher-erklaerung","status":"publish","type":"page","link":"https:\/\/rib-ev.de\/?page_id=1185","title":{"rendered":"Waldkircher Erkl\u00e4rung"},"content":{"rendered":"\n<p>Die Waldkircher Erkl\u00e4rung wurde am 27. M\u00e4rz 2009 mit mehr als 14.500 Unterschriften an die Bundesregierung, vertreten durch Staatsminister Gernot Erler, \u00fcbergeben.<\/p>\n\n\n\n<hr class=\"wp-block-separator\"\/>\n\n\n\n<h3 class=\"wp-block-heading\" id=\"die-antwortbriefe-pdfs-eingescannt\">Die Antwortbriefe (PDFs, eingescannt)<\/h3>\n\n\n\n<p><strong><a href=\"https:\/\/rib-ev.de\/wp-content\/uploads\/2022\/02\/WaldkErklrg_Antw_Kanzleramt.pdf\">Bundeskanzleramt<\/a><\/strong><\/p>\n\n\n\n<p><strong><a href=\"https:\/\/rib-ev.de\/wp-content\/uploads\/2022\/02\/WaldkErklrg_Antw_Erler.pdf\">Gernot Erler<\/a><\/strong><br>Staatsminister im Ausw\u00e4rtigen Amt<\/p>\n\n\n\n<p><a href=\"https:\/\/rib-ev.de\/wp-content\/uploads\/2022\/02\/WaldkErklrg_Antw_Wieczorek-Zeul.pdf\"><strong>Herdemarie Wieczorek-Zeul<\/strong><\/a><br>Bundesministerin f\u00fcr wirtschaftliche Zusammenarbeit und Entwicklung<\/p>\n\n\n\n<hr class=\"wp-block-separator\"\/>\n\n\n\n<h3 class=\"wp-block-heading\" id=\"waldkircher-erklarung-als-druck-pdf\"><strong><a href=\"https:\/\/rib-ev.de\/wp-content\/uploads\/2022\/02\/waldkircher_erklaerung.pdf\">Waldkircher Erkl\u00e4rung als Druck-PDF<\/a><\/strong><\/h3>\n\n\n\n<hr class=\"wp-block-separator\"\/>\n\n\n\n<h2 class=\"wp-block-heading\" id=\"waldkircher-erklarung\"><strong>Waldkircher Erkl\u00e4rung<br><\/strong><a href=\"http:\/\/www.rib-ev.de\/?p=123\" target=\"_blank\" rel=\"noreferrer noopener\"><\/a><\/h2>\n\n\n\n<p><strong>Skandal ohne Grenzen \u2013 den Waffenlieferungen muss Einhalt geboten werden!<\/strong><\/p>\n\n\n\n<p>Trotz aller gesetzgeberischen und politischen Vorkehrungen stiegen die deutschen Waffenexporte in den vergangenen Jahren stetig \u2013 zuletzt sogar rasant \u2013 an. Wie das schwedische Friedensforschungsinstitut SIPRI errechnete, steigerte Deutschland den Export konventioneller Waffen von 1,5 Milliarden Dollar im Jahre 2005 auf \u2013 sage und schreibe \u2013 3,8 Milliarden im Jahre 2006. Damit avancierte Deutschland zum drittgr\u00f6\u00dften Waffenexporteur der Welt. Gleich hinter den USA und Russland. So geschehen 17 Jahre nach der deutsch-deutschen Vereinigung und trotz eines weitgehend befriedeten europ\u00e4ischen Kontinents. Dieser dramatische Zuwachs ist nicht im Mindesten nachvollziehbar.<\/p>\n\n\n\n<p>Mit dem Kriegswaffenkontrollgesetz (KWKG), dem Au\u00dfenwirtschaftsgesetz (AWG) und den \u201ePolitischen Grunds\u00e4tzen der Bundesregierung f\u00fcr den Export von Kriegswaffen und sonstigen R\u00fcstungsg\u00fctern\u201c verf\u00fcgt die Bundesrepublik Deutschland zwar \u00fcber ein im internationalen Vergleich als restriktiv geltendes R\u00fcstungsexportkontrollregime, aber diese Regelungen haben den Skandal ohne Grenzen nicht verhindert.<\/p>\n\n\n\n<p>F\u00fchrender Empf\u00e4nger deutscher Waffen sind Staaten, die kriegerische Konflikte f\u00fchren. Ein bedeutender Anteil der deutschen Waffentransfers erfolgt ausgerechnet in die Entwicklungsl\u00e4nder, die Entwicklungshilfe beziehen. In betr\u00e4chtlichem Umfang wurden deutsche Waffen an L\u00e4nder in Krisen- und Kriegsgebiete des Nahen Ostens, Asiens und Afrikas verkauft. Dabei wurde und wird der Grundsatz, nicht in Spannungsgebiete und nicht an menschenrechtsverletztende Staaten zu liefern, offensichtlich zunehmend missachtet. H\u00e4ufig verschwinden die Waffen in staatlich unkontrollierbaren Grauzonen von B\u00fcrgerkriegskonflikten. Denn Reexporte an Drittstatten werden de facto nicht kontrolliert. Mit gro\u00dfer Sorge verfolgen wir auch Lizenzvergaben zum Nachbau deutscher Waffen.<\/p>\n\n\n\n<p>Laut Sch\u00e4tzungen des Internationalen Komitees des Roten Kreuzes sterben rund 95 Prozent aller Opfer durch so genannte \u201eKleinwaffen\u201c, also Gewehre, Pistolen, M\u00f6rser und Minen. Deutschland z\u00e4hlt seit Jahren zu den f\u00fchrenden Kleinwaffenexporteuren weltweit.<\/p>\n\n\n\n<ul class=\"wp-block-list\"><li>Wir sehen in der Entwicklung der deutschen Waffenexporte einen Skandal ohne Grenzen.<\/li><li>Wir fordern, dass dieser Entwicklung Einhalt geboten wird. Ziel deutscher Politik muss eine Welt sein, in der Konflikte mit zivilen Mitteln gel\u00f6st werden.<\/li><li>Die Bundesregierung darf sich nicht l\u00e4nger von dem Totschlagargument irref\u00fchren lassen, deutsche Arbeitspl\u00e4tze m\u00fcssten gesichert werden. Diese Behauptung ist unzutreffend: Mit dem Geld, das f\u00fcr staatliche Subventionen an die deutsche R\u00fcstungsindustrie und f\u00fcr Waffenk\u00e4ufe aufgewendet wird, k\u00f6nnten ungleich mehr Arbeitspl\u00e4tze im Zivilbereich geschaffen werden.<\/li><li>Die Bundesregierung soll sich auch nicht mit dem Argument beruhigen, im Falle eines deutschen R\u00fcckzugs w\u00fcrden eben andere die Waffen liefern. Steigt Deutschland aus dem Gesch\u00e4ft mit dem Tod aus, so kann dies eine positive Signalwirkung f\u00fcr andere r\u00fcstungsexportierende Staaten haben.<\/li><li>Wir fordern die Mitglieder der Bundesregierung, des geheim tagenden Bundessicherheitsrates und die Parlamentarier nachdr\u00fccklich auf, sich auf ihre friedensethische Verantwortung zu besinnen.<\/li><li>Wir fordern sie auf, mit gutem Beispiel voranzugehen, den Export von Waffen und Munition \u00e4u\u00dferst restriktiv zu handhaben.<\/li><li>Wir fordern die Bundesregierung zum vollst\u00e4ndigen Verzicht auf staatliche Absicherungen von R\u00fcstungsgesch\u00e4ften auf (Hermes-B\u00fcrgschaften).<\/li><li>Wir fordern mehr Transparenz: Bundestag und \u00d6ffentlichkeit m\u00fcssen vor den Entscheidungen \u00fcber R\u00fcstungsexporte informiert werden.<\/li><\/ul>\n\n\n\n<p>Wir fordern von den deutschen R\u00fcstungsunternehmen den Verzicht auf den Ausbau von Produktionskapazit\u00e4ten zur Systemf\u00fchrerschaft. Stattdessen sollten die Vorst\u00e4nde der waffenproduzierenden Unternehmen zur Sicherung der Arbeitspl\u00e4tze umgehend Ma\u00dfnahmen der Konversion einleiten, also der Umstellung der milit\u00e4rischen auf eine sinnvolle zivile Fertigung.<\/p>\n\n\n\n<p><strong>Erstunterzeichner\/innen:<\/strong> Prof. Dr. Wolfram Wette, Historiker, SPD Waldkirch Dr. Bernhard Moltmann, Vorsitzender der Fachgruppe R\u00fcstungsexportpolitik der \u201eGemeinsamen Konferenz Kirche und Entwicklung\u201c (GKKE) J\u00fcrgen Gr\u00e4sslin, Bundessprecher der Deutschen Friedensgesellschaft \u2013 Vereinigte KriegsdienstgegnerInnen (DFG-VK) und des Deutsches Aktionsnetzes Kleinwaffen Stoppen (DAKS) J\u00fcrgen H\u00f6fflin, Vorsitzender des Deutschen Gewerkschaftsbundes S\u00fcdbaden (DGB), Sabine W\u00f6lfle, Vorsitzende der SPD Waldkirch Stephan M\u00f6hrle, Vorstandsmitglied im R\u00fcstungsInformationsB\u00fcro (RIB e.V.) Paul Russmann, Gesch\u00e4ftsf\u00fchrer der Kampagne gegen R\u00fcstungsexport bei Ohne R\u00fcstung Leben (ORL) Fabian Sieber, in Vertretung des Generalsekret\u00e4rs der deutschen Sektion von Pax Christi Markus Weber, Gesch\u00e4ftsf\u00fchrer der Bistumsstelle Pax Christi Freiburg Prof. Dr. Herbert Schweizer, Katholische Arbeiterbewegung (KAB) Christoph Bayer, SPD-Abgeordneter des Landtags von Baden-W\u00fcrttemberg Dietrich Elchlepp, MdEP a.D., SPD Alexander Kauz, Die Linke und viele andere mehr<br>Weitere Unterzeichnerinnen und Unterzeichner sind willkommen.<\/p>\n\n\n\n<p>F\u00fcr inhaltliche Nachfragen stehen zur Verf\u00fcgung:<\/p>\n\n\n\n<ul class=\"wp-block-list\"><li>Prof. Dr. Wolfram Wette, wettewolfr@aol.com<\/li><li>J\u00fcrgen Gr\u00e4sslin, j.graesslin@gmx.de<\/li><\/ul>\n","protected":false},"excerpt":{"rendered":"<p>Die Waldkircher Erkl\u00e4rung wurde am 27. M\u00e4rz 2009 mit mehr als 14.500 Unterschriften an die Bundesregierung, vertreten durch Staatsminister Gernot Erler, \u00fcbergeben. Die Antwortbriefe (PDFs, eingescannt) Bundeskanzleramt Gernot ErlerStaatsminister im Ausw\u00e4rtigen Amt Herdemarie Wieczorek-ZeulBundesministerin f\u00fcr wirtschaftliche Zusammenarbeit und Entwicklung Waldkircher Erkl\u00e4rung als Druck-PDF Waldkircher Erkl\u00e4rung Skandal ohne Grenzen \u2013 den Waffenlieferungen muss Einhalt geboten werden! [&hellip;]<\/p>\n","protected":false},"author":2,"featured_media":0,"parent":133,"menu_order":0,"comment_status":"closed","ping_status":"closed","template":"","meta":{"site-sidebar-layout":"default","site-content-layout":"","ast-site-content-layout":"default","site-content-style":"default","site-sidebar-style":"default","ast-global-header-display":"","ast-banner-title-visibility":"","ast-main-header-display":"","ast-hfb-above-header-display":"","ast-hfb-below-header-display":"","ast-hfb-mobile-header-display":"","site-post-title":"","ast-breadcrumbs-content":"","ast-featured-img":"","footer-sml-layout":"","ast-disable-related-posts":"","theme-transparent-header-meta":"","adv-header-id-meta":"","stick-header-meta":"","header-above-stick-meta":"","header-main-stick-meta":"","header-below-stick-meta":"","astra-migrate-meta-layouts":"default","ast-page-background-enabled":"default","ast-page-background-meta":{"desktop":{"background-color":"var(--ast-global-color-4)","background-image":"","background-repeat":"repeat","background-position":"center center","background-size":"auto","background-attachment":"scroll","background-type":"","background-media":"","overlay-type":"","overlay-color":"","overlay-opacity":"","overlay-gradient":""},"tablet":{"background-color":"","background-image":"","background-repeat":"repeat","background-position":"center center","background-size":"auto","background-attachment":"scroll","background-type":"","background-media":"","overlay-type":"","overlay-color":"","overlay-opacity":"","overlay-gradient":""},"mobile":{"background-color":"","background-image":"","background-repeat":"repeat","background-position":"center center","background-size":"auto","background-attachment":"scroll","background-type":"","background-media":"","overlay-type":"","overlay-color":"","overlay-opacity":"","overlay-gradient":""}},"ast-content-background-meta":{"desktop":{"background-color":"var(--ast-global-color-5)","background-image":"","background-repeat":"repeat","background-position":"center center","background-size":"auto","background-attachment":"scroll","background-type":"","background-media":"","overlay-type":"","overlay-color":"","overlay-opacity":"","overlay-gradient":""},"tablet":{"background-color":"var(--ast-global-color-5)","background-image":"","background-repeat":"repeat","background-position":"center center","background-size":"auto","background-attachment":"scroll","background-type":"","background-media":"","overlay-type":"","overlay-color":"","overlay-opacity":"","overlay-gradient":""},"mobile":{"background-color":"var(--ast-global-color-5)","background-image":"","background-repeat":"repeat","background-position":"center center","background-size":"auto","background-attachment":"scroll","background-type":"","background-media":"","overlay-type":"","overlay-color":"","overlay-opacity":"","overlay-gradient":""}},"footnotes":""},"class_list":["post-1185","page","type-page","status-publish","hentry"],"_links":{"self":[{"href":"https:\/\/rib-ev.de\/index.php?rest_route=\/wp\/v2\/pages\/1185","targetHints":{"allow":["GET"]}}],"collection":[{"href":"https:\/\/rib-ev.de\/index.php?rest_route=\/wp\/v2\/pages"}],"about":[{"href":"https:\/\/rib-ev.de\/index.php?rest_route=\/wp\/v2\/types\/page"}],"author":[{"embeddable":true,"href":"https:\/\/rib-ev.de\/index.php?rest_route=\/wp\/v2\/users\/2"}],"replies":[{"embeddable":true,"href":"https:\/\/rib-ev.de\/index.php?rest_route=%2Fwp%2Fv2%2Fcomments&post=1185"}],"version-history":[{"count":4,"href":"https:\/\/rib-ev.de\/index.php?rest_route=\/wp\/v2\/pages\/1185\/revisions"}],"predecessor-version":[{"id":2116,"href":"https:\/\/rib-ev.de\/index.php?rest_route=\/wp\/v2\/pages\/1185\/revisions\/2116"}],"up":[{"embeddable":true,"href":"https:\/\/rib-ev.de\/index.php?rest_route=\/wp\/v2\/pages\/133"}],"wp:attachment":[{"href":"https:\/\/rib-ev.de\/index.php?rest_route=%2Fwp%2Fv2%2Fmedia&parent=1185"}],"curies":[{"name":"wp","href":"https:\/\/api.w.org\/{rel}","templated":true}]}}

Waldkircher Erklärung

<p>Die Waldkircher Erklärung wurde am 27. März 2009 mit mehr als 14.500 Unterschriften an die Bundesregierung, vertreten durch Staatsminister Gernot Erler, übergeben.</p>



<hr class="wp-block-separator"/>



<h3 class="wp-block-heading" id="die-antwortbriefe-pdfs-eingescannt">Die Antwortbriefe (PDFs, eingescannt)</h3>



<p><strong><a href="https://rib-ev.de/wp-content/uploads/2022/02/WaldkErklrg_Antw_Kanzleramt.pdf">Bundeskanzleramt</a></strong></p>



<p><strong><a href="https://rib-ev.de/wp-content/uploads/2022/02/WaldkErklrg_Antw_Erler.pdf">Gernot Erler</a></strong><br>Staatsminister im Auswärtigen Amt</p>



<p><a href="https://rib-ev.de/wp-content/uploads/2022/02/WaldkErklrg_Antw_Wieczorek-Zeul.pdf"><strong>Herdemarie Wieczorek-Zeul</strong></a><br>Bundesministerin für wirtschaftliche Zusammenarbeit und Entwicklung</p>



<hr class="wp-block-separator"/>



<h3 class="wp-block-heading" id="waldkircher-erklarung-als-druck-pdf"><strong><a href="https://rib-ev.de/wp-content/uploads/2022/02/waldkircher_erklaerung.pdf">Waldkircher Erklärung als Druck-PDF</a></strong></h3>



<hr class="wp-block-separator"/>



<h2 class="wp-block-heading" id="waldkircher-erklarung"><strong>Waldkircher Erklärung<br></strong><a href="http://www.rib-ev.de/?p=123" target="_blank" rel="noreferrer noopener"></a></h2>



<p><strong>Skandal ohne Grenzen – den Waffenlieferungen muss Einhalt geboten werden!</strong></p>



<p>Trotz aller gesetzgeberischen und politischen Vorkehrungen stiegen die deutschen Waffenexporte in den vergangenen Jahren stetig – zuletzt sogar rasant – an. Wie das schwedische Friedensforschungsinstitut SIPRI errechnete, steigerte Deutschland den Export konventioneller Waffen von 1,5 Milliarden Dollar im Jahre 2005 auf – sage und schreibe – 3,8 Milliarden im Jahre 2006. Damit avancierte Deutschland zum drittgrößten Waffenexporteur der Welt. Gleich hinter den USA und Russland. So geschehen 17 Jahre nach der deutsch-deutschen Vereinigung und trotz eines weitgehend befriedeten europäischen Kontinents. Dieser dramatische Zuwachs ist nicht im Mindesten nachvollziehbar.</p>



<p>Mit dem Kriegswaffenkontrollgesetz (KWKG), dem Außenwirtschaftsgesetz (AWG) und den „Politischen Grundsätzen der Bundesregierung für den Export von Kriegswaffen und sonstigen Rüstungsgütern“ verfügt die Bundesrepublik Deutschland zwar über ein im internationalen Vergleich als restriktiv geltendes Rüstungsexportkontrollregime, aber diese Regelungen haben den Skandal ohne Grenzen nicht verhindert.</p>



<p>Führender Empfänger deutscher Waffen sind Staaten, die kriegerische Konflikte führen. Ein bedeutender Anteil der deutschen Waffentransfers erfolgt ausgerechnet in die Entwicklungsländer, die Entwicklungshilfe beziehen. In beträchtlichem Umfang wurden deutsche Waffen an Länder in Krisen- und Kriegsgebiete des Nahen Ostens, Asiens und Afrikas verkauft. Dabei wurde und wird der Grundsatz, nicht in Spannungsgebiete und nicht an menschenrechtsverletztende Staaten zu liefern, offensichtlich zunehmend missachtet. Häufig verschwinden die Waffen in staatlich unkontrollierbaren Grauzonen von Bürgerkriegskonflikten. Denn Reexporte an Drittstatten werden de facto nicht kontrolliert. Mit großer Sorge verfolgen wir auch Lizenzvergaben zum Nachbau deutscher Waffen.</p>



<p>Laut Schätzungen des Internationalen Komitees des Roten Kreuzes sterben rund 95 Prozent aller Opfer durch so genannte „Kleinwaffen“, also Gewehre, Pistolen, Mörser und Minen. Deutschland zählt seit Jahren zu den führenden Kleinwaffenexporteuren weltweit.</p>



<ul class="wp-block-list"><li>Wir sehen in der Entwicklung der deutschen Waffenexporte einen Skandal ohne Grenzen.</li><li>Wir fordern, dass dieser Entwicklung Einhalt geboten wird. Ziel deutscher Politik muss eine Welt sein, in der Konflikte mit zivilen Mitteln gelöst werden.</li><li>Die Bundesregierung darf sich nicht länger von dem Totschlagargument irreführen lassen, deutsche Arbeitsplätze müssten gesichert werden. Diese Behauptung ist unzutreffend: Mit dem Geld, das für staatliche Subventionen an die deutsche Rüstungsindustrie und für Waffenkäufe aufgewendet wird, könnten ungleich mehr Arbeitsplätze im Zivilbereich geschaffen werden.</li><li>Die Bundesregierung soll sich auch nicht mit dem Argument beruhigen, im Falle eines deutschen Rückzugs würden eben andere die Waffen liefern. Steigt Deutschland aus dem Geschäft mit dem Tod aus, so kann dies eine positive Signalwirkung für andere rüstungsexportierende Staaten haben.</li><li>Wir fordern die Mitglieder der Bundesregierung, des geheim tagenden Bundessicherheitsrates und die Parlamentarier nachdrücklich auf, sich auf ihre friedensethische Verantwortung zu besinnen.</li><li>Wir fordern sie auf, mit gutem Beispiel voranzugehen, den Export von Waffen und Munition äußerst restriktiv zu handhaben.</li><li>Wir fordern die Bundesregierung zum vollständigen Verzicht auf staatliche Absicherungen von Rüstungsgeschäften auf (Hermes-Bürgschaften).</li><li>Wir fordern mehr Transparenz: Bundestag und Öffentlichkeit müssen vor den Entscheidungen über Rüstungsexporte informiert werden.</li></ul>



<p>Wir fordern von den deutschen Rüstungsunternehmen den Verzicht auf den Ausbau von Produktionskapazitäten zur Systemführerschaft. Stattdessen sollten die Vorstände der waffenproduzierenden Unternehmen zur Sicherung der Arbeitsplätze umgehend Maßnahmen der Konversion einleiten, also der Umstellung der militärischen auf eine sinnvolle zivile Fertigung.</p>



<p><strong>Erstunterzeichner/innen:</strong> Prof. Dr. Wolfram Wette, Historiker, SPD Waldkirch Dr. Bernhard Moltmann, Vorsitzender der Fachgruppe Rüstungsexportpolitik der „Gemeinsamen Konferenz Kirche und Entwicklung“ (GKKE) Jürgen Grässlin, Bundessprecher der Deutschen Friedensgesellschaft – Vereinigte KriegsdienstgegnerInnen (DFG-VK) und des Deutsches Aktionsnetzes Kleinwaffen Stoppen (DAKS) Jürgen Höfflin, Vorsitzender des Deutschen Gewerkschaftsbundes Südbaden (DGB), Sabine Wölfle, Vorsitzende der SPD Waldkirch Stephan Möhrle, Vorstandsmitglied im RüstungsInformationsBüro (RIB e.V.) Paul Russmann, Geschäftsführer der Kampagne gegen Rüstungsexport bei Ohne Rüstung Leben (ORL) Fabian Sieber, in Vertretung des Generalsekretärs der deutschen Sektion von Pax Christi Markus Weber, Geschäftsführer der Bistumsstelle Pax Christi Freiburg Prof. Dr. Herbert Schweizer, Katholische Arbeiterbewegung (KAB) Christoph Bayer, SPD-Abgeordneter des Landtags von Baden-Württemberg Dietrich Elchlepp, MdEP a.D., SPD Alexander Kauz, Die Linke und viele andere mehr<br>Weitere Unterzeichnerinnen und Unterzeichner sind willkommen.</p>



<p>Für inhaltliche Nachfragen stehen zur Verfügung:</p>



<ul class="wp-block-list"><li>Prof. Dr. Wolfram Wette, wettewolfr@aol.com</li><li>Jürgen Grässlin, j.graesslin@gmx.de</li></ul>

<p>Die Waldkircher Erklärung wurde am 27. März 2009 mit mehr als 14.500 Unterschriften an die Bundesregierung, vertreten durch Staatsminister Gernot Erler, übergeben. Die Antwortbriefe (PDFs, eingescannt) Bundeskanzleramt Gernot ErlerStaatsminister im Auswärtigen Amt Herdemarie Wieczorek-ZeulBundesministerin für wirtschaftliche Zusammenarbeit und Entwicklung Waldkircher Erklärung als Druck-PDF Waldkircher Erklärung Skandal ohne Grenzen – den Waffenlieferungen muss Einhalt geboten werden! [&hellip;]</p>
